. Determine c(-18).
19
Let n(x) = x + 17. Calculate n(-14).
3
Let d(v) = -v**3 + 4*v + 4. Give d(3).
-11
Let t(f) = -10*f**3 + f**2 + 2*f - 1. Give t(2).
-73
Let y(f) = 2*f**3 + 2*f**2 - f + 1. Determine y(-3).
-32
Let i(o) = -7*o**2 + 32*o + 12. Determine i(5).
-3
Let u(a) = -5*a**2 - 54*a - 50. Calculate u(-10).
-10
Let x(y) = -2*y - 2. What is x(-7)?
12
Let o(l) = l**3 - 2*l**2 - 25. Calculate o(0).
-25
Let w(t) = t**3 - 16*t**2 - 20. Give w(16).
-20
Let n(d) = 4*d**3 - d**2 + 2*d + 3. Give n(-1).
-4
Let s(f) = -4*f - 22. Give s(4).
-38
Let t(w) = -9*w - 21. What is t(-5)?
24
Let h(c) = -c**3 - 2*c**2 + c + 3. Determine h(-3).
9
Let k(v) = v**3 - 2*v**2 - 3*v + 1. Determine k(4).
21
Let h(c) = c**3 - 5*c**2 - 4*c + 6. Calculate h(6).
18
Let o(x) = -x**3 + x**2 - 5. Give o(0).
-5
Let c(j) = -j**3 - 26*j**2 + 27*j - 15. Calculate c(-27).
-15
Let l(x) = -7*x**3 - 2*x + 2. What is l(2)?
-58
Let s(l) = l**2 + 19*l + 27. Calculate s(-17).
-7
Let m(q) = -2*q + 50. What is m(15)?
20
Let y(x) = -13*x**2 - 206*x + 21. Calculate y(-16).
-11
Let o(f) = f - 5. What is o(7)?
2
Let y(x) = 13*x - 1. Give y(-2).
-27
Let r(x) = -3*x**3 + 6*x**2 + 8*x + 2. Give r(3).
-1
Let m(g) = g**3 + 30*g**2 + 23*g + 16. Calculate m(-29).
190
Let n(f) = f**2 - 13*f + 7. Give n(12).
-5
Let n(l) = -l**2 + 28*l - 152. Calculate n(20).
8
Let i(t) = -t**2 + 6*t + 3. Give i(-2).
-13
Let f(l) = -l**2 + 31*l + 219. Calculate f(37).
-3
Let i(j) = -31*j**3 + 248*j**2 - 3*j + 18. Determine i(8).
-6
Let a(w) = w**3 + 26*w**2 - w + 35. What is a(-26)?
61
Let b(r) = -r + 1. What is b(-4)?
5
Let v(z) = 5*z**2 - 3*z + 1. Give v(3).
37
Let w(j) = -j**3 + 2*j + 11. Give w(5).
-104
Let z(u) = -4*u**2 - 27*u + 91. What is z(3)?
-26
Let i(c) = c**3 - 32*c + 14. Give i(-6).
-10
Let x(z) = -z**2 - 2*z + 2. Give x(-3).
-1
Let g(r) = r**2 + 12*r - 535. Give g(-30).
5
Let h(z) = -z**2 + 10*z - 17. Calculate h(7).
4
Let p(c) = -c**2 + 19*c. Calculate p(19).
0
Let r(l) = 9*l. Give r(1).
9
Let p(r) = 6*r + 24. Give p(-4).
0
Let m(n) = -3*n + 44. What is m(17)?
-7
Let q(r) = r**2 - 9*r - 20. Calculate q(11).
2
Let h(j) = 2*j**3 + 12*j**2 - 3*j - 4. Give h(-6).
14
Let y(v) = -v**3 - 5*v**2 + 2*v - 3. Calculate y(-6).
21
Let o(v) = -5*v + 110. Give o(22).
0
Let s(l) = 3*l + 17. Determine s(-8).
-7
Let g(f) = 2*f**3 - 17*f**2 + 22*f - 9. What is g(7)?
-2
Let y(r) = -r**3 - 11*r**2 + 3*r + 22. What is y(-11)?
-11
Let c(a) = 2*a**3 + 37*a**2 - 61*a - 12. Determine c(-20).
8
Let n(b) = -b**3 - 5*b**2 - 7*b - 10. Determine n(-3).
-7
Let r(l) = 2*l - 22. Determine r(11).
0
Let h(p) = -21*p**3 + p**2. What is h(1)?
-20
Let a(j) = -j**3 - 2*j**2 + 6*j - 7. Give a(-5).
38
Let d(n) = 3*n - 5. Determine d(0).
-5
Let x(p) = p**3 + p**2 - p + 5. What is x(0)?
5
Let h(v) = v**3 - 11*v**2 + 6*v + 20. What is h(10)?
-20
Let s(l) = -l**3 - 7*l**2 + l - 7. Determine s(-7).
-14
Let n(z) = -13*z**2 - 3*z + 2. Determine n(1).
-14
Let t(c) = -13*c - 9. Calculate t(-2).
17
Let d(j) = 76*j - 5. Give d(0).
-5
Let l(h) = -h**3 + 9*h**2 - 3*h - 35. What is l(8)?
5
Let p(l) = -l + 10. Calculate p(-25).
35
Let j(v) = 8*v + 46. Give j(-5).
6
Let q(g) = -g**2 + 6*g + 8. Give q(6).
8
Let b(x) = -x**3 - 7*x**2 - 5*x - 6. Calculate b(-8).
98
Let l(x) = -5*x**3 + 22*x**2 - 8*x + 1. What is l(4)?
1
Let f(x) = x**3 + 78*x**2 - 79*x - 8. Calculate f(-79).
-8
Let c(g) = g**2 - 9*g + 7. Determine c(7).
-7
Let h(i) = i**3 + 3*i**2 - 4*i - 6. What is h(-4)?
-6
Let b(x) = -8*x**2 + 11*x - 28. Calculate b(3).
-67
Let p(d) = -d**2 + 201*d - 3299. Determine p(18).
-5
Let g(b) = -b**2 - 10*b - 6. Give g(-8).
10
Let j(l) = 4*l**3 + 2*l - 1. Determine j(1).
5
Let s(c) = c**3 - 5*c**2 + 5*c - 3. Give s(2).
-5
Let x(q) = q**3 - 10*q**2 - 9*q - 18. Give x(11).
4
Let l(n) = -n**2 + 13*n + 8. Give l(14).
-6
Let w(d) = 3*d**3 - 5*d**2 + 14. Calculate w(3).
50
Let j(n) = -2*n**2 + 13. Calculate j(5).
-37
Let o(f) = -f**3 + 14*f**2 - 10*f + 2. Give o(13).
41
Let b(l) = -l**2 - 3*l + 1. Calculate b(-5).
-9
Let d(o) = 2*o + 36. What is d(-16)?
4
Let x(p) = -6*p + 6. Determine x(2).
-6
Let z(k) = -k**3 - 13*k**2 - 16*k - 18. Calculate z(-12).
30
Let d(h) = h**3 + 4*h**2 + 2*h + 2. Calculate d(-3).
5
Let p(h) = h + 19. Determine p(-8).
11
Let v(w) = w**2 - 14*w - 3. Calculate v(14).
-3
Let d(c) = c**3 + c**2 - c + 2. Determine d(0).
2
Let w(u) = 2*u + 29. Give w(-10).
9
Let d(x) = -x + 8. What is d(-4)?
12
Let q(f) = -28*f**3 - f**2 - f + 1. Calculate q(1).
-29
Let d(t) = -t**2 + 14*t + 181. Give d(22).
5
Let g(f) = f**3 + 8*f**2 - 7*f + 23. What is g(-9)?
5
Let z(s) = 2*s - 22. Give z(13).
4
Let m(g) = g. Give m(1).
1
Let k(o) = 2*o**2 - 5*o + 3. What is k(3)?
6
Let f(s) = 48*s + 7. Determine f(1).
55
Let o(x) = 6*x - 59. What is o(6)?
-23
Let y(f) = -f + 12. Calculate y(8).
4
Let d(a) = 2*a**2 - 24*a - 26. Give d(13).
0
Let q(z) = -2*z**2 - 6*z + 6. Calculate q(-5).
-14
Let j(f) = -f**3 + 16*f**2 + 17*f + 4. What is j(17)?
4
Let u(o) = 3*o - 29. What is u(9)?
-2
Let x(d) = 9*d**3 + d**2 + d + 1. What is x(-1)?
-8
Let o(v) = v**2 - 19*v - 123. Calculate o(24).
-3
Let g(p) = p**3 + p - 11. Give g(0).
-11
Let o(d) = d**2 - 5*d - 31. Calculate o(9).
5
Let q(k) = -k**3 - 18*k**2 + 19*k + 1. Calculate q(-19).
1
Let c(p) = 3*p**2 - 8*p + 3. Calculate c(2).
-1
Let t(k) = k**3 + 13*k**2 + 12*k - 14. Give t(-12).
-14
Let a(r) = r**2 + 12*r + 6. What is a(-11)?
-5
Let a(f) = f**3 + 5*f**2 + 7*f - 2. What is a(-5)?
-37
Let m(y) = y**3 + 14*y**2 + 2*y + 4. What is m(-14)?
-24
Let t(r) = 2*r**2 - 19*r - 9. What is t(10)?
1
Let b(j) = j**3 - 19*j**2 - 4*j + 36. Determine b(19).
-40
Let c(q) = 17*q - 20. Give c(12).
184
Let h(a) = -a + 23. Calculate h(23).
0
Let s(t) = -71*t - 24. Determine s(-2).
118
Let d(w) = 39*w + 130. Give d(-4).
-26
Let q(z) = -z**2 - 6*z + 4. Give q(-6).
4
Let a(k) = -20*k + 256. What is a(13)?
-4
Let t(u) = -u**3 - 10*u**2 - 23*u - 2. What is t(-4)?
-6
Let y(z) = 66*z - 542. What is y(8)?
-14
Let a(x) = -2*x**2 + 2*x + 2. Determine a(-3).
-22
Let p(z) = z**3 + 41*z**2 - 40*z + 72. Calculate p(-42).
-12
Let g(u) = 5*u + 30. Calculate g(-6).
0
Let s(m) = 4*m**3 + 5*m**2 - m + 2. Determine s(-2).
-8
Let u(p) = -10*p + 3. Give u(-3).
33
Let f(b) = 2*b**2 + 91*b + 126. What is f(-44)?
-6
Let p(k) = -k**3 - 13*k**2 + 35*k + 72. Determine p(-15).
-3
Let j(c) = c**3 - c - 16. Determine j(0).
-16
Let l(p) = -2*p**2 - 17*p + 8. Calculate l(-8).
16
Let v(c) = -16*c + 61. Give v(4).
-3
Let y(i) = -i**2 + 6*i - 2. Give y(4).
6
Let h(n) = -n**3 - 9*n**2 - 8*n + 11. Give h(-8).
11
Let t(u) = -u**3 + 5*u**2 + 7. What is t(5)?
7
Let w(r) = r**2 - 17*r + 14. Calculate w(17).
14
Let s(q) = -q - 19. Give s(4).
-23
Let g(j) = 6*j + 74. Determine g(-11).
8
Let x(r) = 13*r - 50. Determine x(8).
54
Let p(d) = 32*d**3 + 5*d**2 + 3*d - 2. Determine p(-1).
-32
Let i(x) = x**2 + 4*x + 1. Calculate i(-6).
13
Let k(r) = -r**2 + 4*r - 8. Determine k(3).
-5
Let d(q) = q**3 + q**2 + 25. Calculate d(0).
25
Let h(k) = k**2 - 40*k + 147. Calculate h(4).
3
Let w(n) = -n**2 - 18*n - 1. Calculate w(-18).
-1
Let z(u) = u**3 + 10*u**2 - 8*u + 11. Determine z(-11).
-22
Let d(q) = -3*q + 1. Determine d(9).
-26
Let m(b) = 2*b**3 + 80*b**2 - 81*b + 66. Calculate m(-41).
25
Let f(o) = -2*o**2 + 6*o - 4. Determine f(5).
-24
Let d(r) = r**3 - 18*r**2 + 18*r - 23. Calculate d(17).
-6
Let r(z) = -14*z**2 - z + 2. Calculate r(-2).
-52
Let b(x) = x + 7. Calculate b(19).
26
Let w(z) = -z**3 - 7*z**2 - 7*z - 44. Give w(-7).
5
Let a(q) = -136*q - 5. Give a(1).
-141
Let s(g) = g - 12. Give s(5).
-7
Let b(d) = -2*d**2 - 19*d - 14. Calculate b(-9).
-5
Let y(t) = 2*t**2 - 34*t + 4. Determine y(17).
4
Let i(z) = 15*z + 4. Calculate i(5).
79
Let a(t) = 11*t**2 + t + 1. Determine a(-2).
43
Let p(j) = -j**2 - 17*j - 1. What is p(-17)?
-1
Let f(z) = -z**3 + 2*z**2 + 3*z + 3. Calculate f(3).
3
Let m(n) = n**3 - n**2 + 3*n - 2. Give m(2).
8
Let m(f) = 9*f - 1. Calculate m(1).
8
Let t(d) = -2*d + 7. Calculate t(10).
-13
Let w(n) = 12*n - 9. Give w(7).
75
Let d(v) = 3*v**3 - 9*v**2 - v - 12. Determine d(4).
32
Let g(v) = v**2 + 11*v + 27. Give g(-3).
3
Let b(l) = -12*l + 35. What is b(4)?
-13
Let r(t) = t**3 + t**2 + 3*t + 12. Give r(-3).
-15
Let s(t) = t**3 - 2*t**2 - 4*t + 1. What is s(3)?
-2
Let d(f) = 2*f**3 